{"id":651,"date":"2020-04-01T15:01:42","date_gmt":"2020-04-01T14:01:42","guid":{"rendered":"http:\/\/mc.ufo-informatik.ch\/?page_id=651"},"modified":"2020-04-03T12:54:58","modified_gmt":"2020-04-03T10:54:58","slug":"web-hosting","status":"publish","type":"page","link":"https:\/\/ufo-informatik.ch\/?page_id=651","title":{"rendered":"WEB-Hosting"},"content":{"rendered":"\n<p>Das WEB-Hosting umfasst alle Prozesse von der Registrierung des Domain-Namen, \u00fcber das bereitstellen des Speicherplatzes, sichern der Kommunikation mit Zertifikat, einrichten der e-Mail-Adressen, bis hin zum Erstellen einer einfachen Webseite mit Kontaktformular und Grunds\u00e4tzlicher Suchmaschinen Optimierung. Um all das m\u00fcssen Sie sich nicht k\u00fcmmern.<\/p>\n\n\n\n<p>Die Kosten der Dom\u00e4ne-Registrierung sowie deren Miete werden separat verrechnet.<\/p>\n\n\n\n<h3 class=\"wp-block-heading\">Hosting-Optionen<\/h3>\n\n\n\n<p><\/p>\n\n\n\n<h3 class=\"wp-block-heading\"><\/h3>\n\n\n\n<figure class=\"wp-block-table alignleft\"><table><tbody><tr><td class=\"has-text-align-left\" data-align=\"left\">Speicherplatz<\/td><td>10 GB<\/td><\/tr><tr><td class=\"has-text-align-left\" data-align=\"left\">Traffic<\/td><td>100 GB\/Monat<\/td><\/tr><tr><td class=\"has-text-align-left\" data-align=\"left\">Domains<\/td><td>5<\/td><\/tr><tr><td class=\"has-text-align-left\" data-align=\"left\">Subdomains<\/td><td>Unbegrenzt<\/td><\/tr><tr><td class=\"has-text-align-left\" data-align=\"left\">Domain-Aliase<\/td><td>Unbegrenzt<\/td><\/tr><tr><td class=\"has-text-align-left\" data-align=\"left\">E-Mail-Postf\u00e4cher<\/td><td>100<\/td><\/tr><tr><td class=\"has-text-align-left\" data-align=\"left\">Postfachgr\u00f6\u00dfe<\/td><td>2 GB<\/td><\/tr><tr><td class=\"has-text-align-left\" data-align=\"left\">Mailinglisten<\/td><td>100<\/td><\/tr><tr><td class=\"has-text-align-left\" data-align=\"left\">Zus\u00e4tzliche FTP-Konten<\/td><td>Unbegrenzt<\/td><\/tr><tr><td class=\"has-text-align-left\" data-align=\"left\">Datenbanken&nbsp; MySQL<\/td><td>10<\/td><\/tr><tr><td class=\"has-text-align-left\" data-align=\"left\">Mit Presence Builder ver\u00f6ffentlichte Websites<\/td><td>3<\/td><\/tr><tr><td class=\"has-text-align-left\" data-align=\"left\">Webbenutzer<\/td><td>Unbegrenzt<\/td><\/tr><\/tbody><\/table><figcaption><br \/><\/figcaption><\/figure>\n\n\n\n<figure class=\"wp-block-table alignleft\"><table><tbody><tr><td class=\"has-text-align-left\" data-align=\"left\">SSL-Unterst\u00fctzung&nbsp;&nbsp;&nbsp;&nbsp;&nbsp;&nbsp;&nbsp;&nbsp;&nbsp;&nbsp;&nbsp;&nbsp;&nbsp;&nbsp;&nbsp;&nbsp;&nbsp;&nbsp;&nbsp;&nbsp;&nbsp;&nbsp;&nbsp;&nbsp;&nbsp;&nbsp;&nbsp;<\/td><td><img loading=\"lazy\" decoding=\"async\" width=\"32\" height=\"32\" class=\"wp-image-759\" style=\"width: 32px;\" src=\"https:\/\/ufo-informatik.ch\/wp-content\/uploads\/state-on.png\" alt=\"\"\/><\/td><\/tr><tr><td class=\"has-text-align-left\" data-align=\"left\">Webstatistiken&nbsp;&nbsp;&nbsp;&nbsp;&nbsp;&nbsp;&nbsp;&nbsp;&nbsp;&nbsp;&nbsp;&nbsp;&nbsp;&nbsp;&nbsp;&nbsp;&nbsp;&nbsp;&nbsp;&nbsp;&nbsp;&nbsp;&nbsp;&nbsp;<\/td><td><img loading=\"lazy\" decoding=\"async\" width=\"32\" height=\"32\" class=\"wp-image-759\" style=\"width: 32px;\" src=\"https:\/\/ufo-informatik.ch\/wp-content\/uploads\/state-on.png\" alt=\"\"\/><\/td><\/tr><tr><td class=\"has-text-align-left\" data-align=\"left\">Benutzerdefinierte Fehlerdokumente<\/td><td><img loading=\"lazy\" decoding=\"async\" width=\"32\" height=\"32\" class=\"wp-image-759\" style=\"width: 32px;\" src=\"https:\/\/ufo-informatik.ch\/wp-content\/uploads\/state-on.png\" alt=\"\"\/><\/td><\/tr><tr><td class=\"has-text-align-left\" data-align=\"left\">PHP-Unterst\u00fctzung&nbsp;&nbsp;&nbsp;&nbsp;&nbsp;&nbsp;&nbsp;&nbsp;&nbsp;&nbsp;&nbsp;&nbsp;&nbsp;&nbsp;&nbsp;&nbsp;&nbsp;&nbsp;&nbsp;<\/td><td><img decoding=\"async\" src=\"https:\/\/ufo-informatik.ch\/wp-content\/uploads\/state-on.png\" alt=\"\"\/><\/td><\/tr><tr><td class=\"has-text-align-left\" data-align=\"left\">CGI-Unterst\u00fctzung&nbsp;&nbsp;&nbsp;&nbsp;&nbsp;&nbsp;&nbsp;&nbsp;&nbsp;&nbsp;&nbsp;&nbsp;&nbsp;&nbsp;&nbsp;&nbsp;&nbsp;&nbsp;&nbsp;<\/td><td><img decoding=\"async\" src=\"https:\/\/ufo-informatik.ch\/wp-content\/uploads\/state-on.png\" alt=\"\"\/><\/td><\/tr><tr><td class=\"has-text-align-left\" data-align=\"left\">Perl-Unterst\u00fctzung&nbsp;&nbsp;&nbsp;&nbsp;&nbsp;&nbsp;&nbsp;&nbsp;&nbsp;&nbsp;&nbsp;&nbsp;&nbsp;&nbsp;&nbsp;&nbsp;&nbsp;&nbsp;&nbsp;<\/td><td><img decoding=\"async\" src=\"https:\/\/ufo-informatik.ch\/wp-content\/uploads\/state-on.png\" alt=\"\"\/><\/td><\/tr><tr><td class=\"has-text-align-left\" data-align=\"left\">Python-Unterst\u00fctzung&nbsp;&nbsp;&nbsp;&nbsp;&nbsp;&nbsp;&nbsp;&nbsp;&nbsp;&nbsp;&nbsp;&nbsp;&nbsp;&nbsp;&nbsp;<\/td><td><img loading=\"lazy\" decoding=\"async\" width=\"32\" height=\"32\" class=\"wp-image-758\" style=\"width: 32px;\" src=\"https:\/\/ufo-informatik.ch\/wp-content\/uploads\/state-off.png\" alt=\"\"\/><\/td><\/tr><tr><td class=\"has-text-align-left\" data-align=\"left\">FastCGI-Unterst\u00fctzung (erforderlich f\u00fcr Ruby on Rails)<\/td><td><img decoding=\"async\" src=\"https:\/\/ufo-informatik.ch\/wp-content\/uploads\/state-on.png\" alt=\"\"\/><\/td><\/tr><tr><td class=\"has-text-align-left\" data-align=\"left\">Apache ASP-Unterst\u00fctzung&nbsp;&nbsp;&nbsp;&nbsp;&nbsp;&nbsp;&nbsp;<\/td><td><img loading=\"lazy\" decoding=\"async\" width=\"32\" height=\"32\" class=\"wp-image-758\" style=\"width: 32px;\" src=\"https:\/\/ufo-informatik.ch\/wp-content\/uploads\/state-off.png\" alt=\"\"\/><\/td><\/tr><tr><td class=\"has-text-align-left\" data-align=\"left\">ColdFusion-Unterst\u00fctzung&nbsp;&nbsp;&nbsp;&nbsp;&nbsp;&nbsp;&nbsp;&nbsp;&nbsp;<\/td><td><img decoding=\"async\" src=\"https:\/\/ufo-informatik.ch\/wp-content\/uploads\/state-off.png\" alt=\"\"\/><\/td><\/tr><tr><td class=\"has-text-align-left\" data-align=\"left\">SSI-Unterst\u00fctzung&nbsp;&nbsp;&nbsp;&nbsp;&nbsp;&nbsp;&nbsp;&nbsp;&nbsp;&nbsp;&nbsp;&nbsp;&nbsp;&nbsp;&nbsp;&nbsp;&nbsp;&nbsp;&nbsp;&nbsp;<\/td><td><img decoding=\"async\" src=\"https:\/\/ufo-informatik.ch\/wp-content\/uploads\/state-off.png\" alt=\"\"\/><\/td><\/tr><tr><td class=\"has-text-align-left\" data-align=\"left\">Webbenutzer d\u00fcrfen Skripte nutzen&nbsp;&nbsp;&nbsp;&nbsp;&nbsp;&nbsp;<\/td><td><img decoding=\"async\" src=\"https:\/\/ufo-informatik.ch\/wp-content\/uploads\/state-on.png\" alt=\"\"\/><\/td><\/tr><\/tbody><\/table><\/figure>\n\n\n\n<h2 class=\"wp-block-heading\"><\/h2>\n\n\n\n<p><\/p>\n","protected":false},"excerpt":{"rendered":"<p>Das WEB-Hosting umfasst alle Prozesse von der Registrierung des Domain-Namen, \u00fcber das bereitstellen des Speicherplatzes, sichern der Kommunikation mit Zertifikat, einrichten der [&hellip;]<\/p>\n","protected":false},"author":1,"featured_media":0,"parent":707,"menu_order":0,"comment_status":"closed","ping_status":"closed","template":"","meta":{"footnotes":""},"class_list":["post-651","page","type-page","status-publish","hentry"],"aioseo_notices":[],"_links":{"self":[{"href":"https:\/\/ufo-informatik.ch\/index.php?rest_route=\/wp\/v2\/pages\/651","targetHints":{"allow":["GET"]}}],"collection":[{"href":"https:\/\/ufo-informatik.ch\/index.php?rest_route=\/wp\/v2\/pages"}],"about":[{"href":"https:\/\/ufo-informatik.ch\/index.php?rest_route=\/wp\/v2\/types\/page"}],"author":[{"embeddable":true,"href":"https:\/\/ufo-informatik.ch\/index.php?rest_route=\/wp\/v2\/users\/1"}],"replies":[{"embeddable":true,"href":"https:\/\/ufo-informatik.ch\/index.php?rest_route=%2Fwp%2Fv2%2Fcomments&post=651"}],"version-history":[{"count":5,"href":"https:\/\/ufo-informatik.ch\/index.php?rest_route=\/wp\/v2\/pages\/651\/revisions"}],"predecessor-version":[{"id":760,"href":"https:\/\/ufo-informatik.ch\/index.php?rest_route=\/wp\/v2\/pages\/651\/revisions\/760"}],"up":[{"embeddable":true,"href":"https:\/\/ufo-informatik.ch\/index.php?rest_route=\/wp\/v2\/pages\/707"}],"wp:attachment":[{"href":"https:\/\/ufo-informatik.ch\/index.php?rest_route=%2Fwp%2Fv2%2Fmedia&parent=651"}],"curies":[{"name":"wp","href":"https:\/\/api.w.org\/{rel}","templated":true}]}}