{"id":707,"date":"2020-04-02T14:46:42","date_gmt":"2020-04-02T13:46:42","guid":{"rendered":"http:\/\/mc.ufo-informatik.ch\/?page_id=707"},"modified":"2020-04-02T17:36:59","modified_gmt":"2020-04-02T15:36:59","slug":"dienstleistung","status":"publish","type":"page","link":"https:\/\/ufo-informatik.ch\/?page_id=707","title":{"rendered":"Dienstleistung"},"content":{"rendered":"\n<p>Einige Beispiele f\u00fcr unsere Angebote sind im Men\u00fc (rechts und oben) aufgelistet.<br \/><br \/>Die m\u00f6glichen L\u00f6sungen beschr\u00e4nken sich jedoch nicht auf diese Beispiele.<\/p>\n","protected":false},"excerpt":{"rendered":"<p>Einige Beispiele f\u00fcr unsere Angebote sind im Men\u00fc (rechts und oben) aufgelistet. Die m\u00f6glichen L\u00f6sungen beschr\u00e4nken sich jedoch nicht auf diese Beispiele.<\/p>\n","protected":false},"author":1,"featured_media":0,"parent":0,"menu_order":0,"comment_status":"closed","ping_status":"closed","template":"","meta":{"footnotes":""},"class_list":["post-707","page","type-page","status-publish","hentry"],"aioseo_notices":[],"_links":{"self":[{"href":"https:\/\/ufo-informatik.ch\/index.php?rest_route=\/wp\/v2\/pages\/707","targetHints":{"allow":["GET"]}}],"collection":[{"href":"https:\/\/ufo-informatik.ch\/index.php?rest_route=\/wp\/v2\/pages"}],"about":[{"href":"https:\/\/ufo-informatik.ch\/index.php?rest_route=\/wp\/v2\/types\/page"}],"author":[{"embeddable":true,"href":"https:\/\/ufo-informatik.ch\/index.php?rest_route=\/wp\/v2\/users\/1"}],"replies":[{"embeddable":true,"href":"https:\/\/ufo-informatik.ch\/index.php?rest_route=%2Fwp%2Fv2%2Fcomments&post=707"}],"version-history":[{"count":3,"href":"https:\/\/ufo-informatik.ch\/index.php?rest_route=\/wp\/v2\/pages\/707\/revisions"}],"predecessor-version":[{"id":745,"href":"https:\/\/ufo-informatik.ch\/index.php?rest_route=\/wp\/v2\/pages\/707\/revisions\/745"}],"wp:attachment":[{"href":"https:\/\/ufo-informatik.ch\/index.php?rest_route=%2Fwp%2Fv2%2Fmedia&parent=707"}],"curies":[{"name":"wp","href":"https:\/\/api.w.org\/{rel}","templated":true}]}}