{"id":714,"date":"2020-04-02T15:00:56","date_gmt":"2020-04-02T14:00:56","guid":{"rendered":"http:\/\/mc.ufo-informatik.ch\/?page_id=714"},"modified":"2020-05-10T19:52:06","modified_gmt":"2020-05-10T17:52:06","slug":"sicherheit","status":"publish","type":"page","link":"https:\/\/ufo-informatik.ch\/?page_id=714","title":{"rendered":"Sicherheit"},"content":{"rendered":"\n<p>Sicher sein vor Datenverlust und unerw\u00fcnschten Aktivit\u00e4ten.<\/p>\n\n\n\n<h4 class=\"wp-block-heading\">Sicherheit auf Computersystemen gliedert sich in zwei Hauptdom\u00e4nen:<\/h4>\n\n\n\n<ul class=\"wp-block-list\"><li>Datensicherung. Backup der wichtigen Daten auf diverse Datentr\u00e4ger.<br \/>Elektronisch gespeicherte Daten sind ganz verschiedenen Gefahren ausgesetzt. Diese reichen<br \/>vom versehentlichen L\u00f6schen bis zum Totalausfall der Festplatte. In jedem Fall kann die<br \/>Wiederbeschaffung hohen Zeit- und Geldaufwand bedeuten.<br \/><\/li><li>Schutz vor Angriff und Daten-Entwendung.<br \/>Ein Computersystem, das mit dem Internet verbunden wird, erlebt bereits in der ersten Minute Angriffe von aussen. Ungesch\u00fctzt ist es in wenigen Minuten infiziert. Das gef\u00e4hrliche daran<br \/>ist, dass der Anwender dies in den wenigsten F\u00e4llen sofort wahrnimmt.<\/li><\/ul>\n\n\n\n<p>Die L\u00f6sungen reichen von lokalen Firewalls und Virenschutz-Programmen auf dem PC, bis zu dedizierten Maschinen f\u00fcr ganze lokale Netzwerke.<\/p>\n\n\n\n<p>Welches ist ihre passende L\u00f6sung?<br \/>Wir beraten Sie gerne.<\/p>\n","protected":false},"excerpt":{"rendered":"<p>Sicher sein vor Datenverlust und unerw\u00fcnschten Aktivit\u00e4ten. Sicherheit auf Computersystemen gliedert sich in zwei Hauptdom\u00e4nen: Datensicherung. Backup der wichtigen Daten auf diverse [&hellip;]<\/p>\n","protected":false},"author":1,"featured_media":0,"parent":707,"menu_order":0,"comment_status":"closed","ping_status":"closed","template":"","meta":{"footnotes":""},"class_list":["post-714","page","type-page","status-publish","hentry"],"aioseo_notices":[],"_links":{"self":[{"href":"https:\/\/ufo-informatik.ch\/index.php?rest_route=\/wp\/v2\/pages\/714","targetHints":{"allow":["GET"]}}],"collection":[{"href":"https:\/\/ufo-informatik.ch\/index.php?rest_route=\/wp\/v2\/pages"}],"about":[{"href":"https:\/\/ufo-informatik.ch\/index.php?rest_route=\/wp\/v2\/types\/page"}],"author":[{"embeddable":true,"href":"https:\/\/ufo-informatik.ch\/index.php?rest_route=\/wp\/v2\/users\/1"}],"replies":[{"embeddable":true,"href":"https:\/\/ufo-informatik.ch\/index.php?rest_route=%2Fwp%2Fv2%2Fcomments&post=714"}],"version-history":[{"count":2,"href":"https:\/\/ufo-informatik.ch\/index.php?rest_route=\/wp\/v2\/pages\/714\/revisions"}],"predecessor-version":[{"id":768,"href":"https:\/\/ufo-informatik.ch\/index.php?rest_route=\/wp\/v2\/pages\/714\/revisions\/768"}],"up":[{"embeddable":true,"href":"https:\/\/ufo-informatik.ch\/index.php?rest_route=\/wp\/v2\/pages\/707"}],"wp:attachment":[{"href":"https:\/\/ufo-informatik.ch\/index.php?rest_route=%2Fwp%2Fv2%2Fmedia&parent=714"}],"curies":[{"name":"wp","href":"https:\/\/api.w.org\/{rel}","templated":true}]}}