{"id":716,"date":"2020-04-02T15:04:23","date_gmt":"2020-04-02T14:04:23","guid":{"rendered":"http:\/\/mc.ufo-informatik.ch\/?page_id=716"},"modified":"2020-05-10T19:48:12","modified_gmt":"2020-05-10T17:48:12","slug":"kmu-loesungen","status":"publish","type":"page","link":"https:\/\/ufo-informatik.ch\/?page_id=716","title":{"rendered":"KMU L\u00f6sungen"},"content":{"rendered":"\n<h4 class=\"wp-block-heading\">Zufriedene KMU<\/h4>\n\n\n\n<p>Im Zentrum einer erfolgreichen, computergest\u00fctzten Gesch\u00e4ftsabwicklung, steht das Warenwirtschaft- und Finanzprogramm.<\/p>\n\n\n\n<p>Wir bieten eine eigene, auf Office-Produkte abgest\u00fctzte L\u00f6sung an, welche an Ihre individuellen Bed\u00fcrfnisse angepasst wird. Die Datenhaltung liegt separiert in einer MSSQL-Datenbank. F\u00fcr die Buchungen gibt es eine Schnittstelle zu SAGE 50.<\/p>\n\n\n\n<p>Neben der spezialisierten L\u00f6sung existiert das Produkt\u00a0<a rel=\"noreferrer noopener\" href=\"http:\/\/www.cao-faktura.de\/\" target=\"_blank\">CAO<\/a>, welches als Universal L\u00f6sung fast f\u00fcr alle Bed\u00fcrfnisse angepasst werden kann.<\/p>\n\n\n\n<p>CAO ist in einer freien Version verf\u00fcgbar mit beschr\u00e4ktem Funktionsumfang.<\/p>\n\n\n\n<p>Neben den \u00fcblichen Modulen Kundenstamm, Artikelstamm, Angebot, Rechnung, Mahnung, Kassabuch usw. hat CAO einen leistungsf\u00e4higen Report-Generator, mit dem die Gestaltung von Druckerzeugnisen wie z.B. Rechnungen, keine W\u00fcnsche offen l\u00e4sst.<\/p>\n\n\n\n<p>Ferner gibt es Schnittstellen zu vielen weiteren Verarbeitungsprogrammen wie E-Mail, DTA-Bankenclearing, PDF oder Outlook Terminkalender.<\/p>\n\n\n\n<p>Als Datenbank kommt&nbsp;<a href=\"http:\/\/www.mysql.com\/\" target=\"_blank\" rel=\"noreferrer noopener\">MySQL<\/a>&nbsp;zum Einsatzt. Im Vergleich zu L\u00f6sungen, die auf Oracle, Sybase oder Access basieren, ben\u00fctz CAO mit MySQL eine Datenbank, die unter anderem ebenfalls unter der GPL vertrieben wird und sowohl unter Windows als auch Linux betrieben werden kann.<\/p>\n\n\n\n<p>Unser Beitrag f\u00fcr den KMU umfasst:<\/p>\n\n\n\n<ul class=\"wp-block-list\"><li>Beratung<\/li><li>Installation<\/li><li>Customizing<\/li><li>Schulung<\/li><li>Datenpflege \/ Sicherung<\/li><li>Support<\/li><\/ul>\n","protected":false},"excerpt":{"rendered":"<p>Zufriedene KMU Im Zentrum einer erfolgreichen, computergest\u00fctzten Gesch\u00e4ftsabwicklung, steht das Warenwirtschaft- und Finanzprogramm. Wir bieten eine eigene, auf Office-Produkte abgest\u00fctzte L\u00f6sung an, [&hellip;]<\/p>\n","protected":false},"author":1,"featured_media":0,"parent":707,"menu_order":0,"comment_status":"closed","ping_status":"closed","template":"","meta":{"footnotes":""},"class_list":["post-716","page","type-page","status-publish","hentry"],"aioseo_notices":[],"_links":{"self":[{"href":"https:\/\/ufo-informatik.ch\/index.php?rest_route=\/wp\/v2\/pages\/716","targetHints":{"allow":["GET"]}}],"collection":[{"href":"https:\/\/ufo-informatik.ch\/index.php?rest_route=\/wp\/v2\/pages"}],"about":[{"href":"https:\/\/ufo-informatik.ch\/index.php?rest_route=\/wp\/v2\/types\/page"}],"author":[{"embeddable":true,"href":"https:\/\/ufo-informatik.ch\/index.php?rest_route=\/wp\/v2\/users\/1"}],"replies":[{"embeddable":true,"href":"https:\/\/ufo-informatik.ch\/index.php?rest_route=%2Fwp%2Fv2%2Fcomments&post=716"}],"version-history":[{"count":2,"href":"https:\/\/ufo-informatik.ch\/index.php?rest_route=\/wp\/v2\/pages\/716\/revisions"}],"predecessor-version":[{"id":767,"href":"https:\/\/ufo-informatik.ch\/index.php?rest_route=\/wp\/v2\/pages\/716\/revisions\/767"}],"up":[{"embeddable":true,"href":"https:\/\/ufo-informatik.ch\/index.php?rest_route=\/wp\/v2\/pages\/707"}],"wp:attachment":[{"href":"https:\/\/ufo-informatik.ch\/index.php?rest_route=%2Fwp%2Fv2%2Fmedia&parent=716"}],"curies":[{"name":"wp","href":"https:\/\/api.w.org\/{rel}","templated":true}]}}